h) = -h**3 - 3*h**2 - 3*h - 2. Let f be w(-3). Let y = -2 + f. Let x = y + -2. What is the greatest common factor of x and 21?
3
Let w(c) = c**3 + 4*c**2 - 5*c + 5. Let l be w(-5). Suppose 805 = -0*i + l*i. Calculate the highest common divisor of 23 and i.
23
Suppose 3*f - 50 = -2*f. Calculate the greatest common factor of f and 25.
5
Suppose -4*b + 202 = -58. Suppose -21 = -6*z + 3*z. Let v be 13/2*(z - 5). What is the highest common factor of b and v?
13
Suppose 12*c - 17*c + 245 = 0. What is the greatest common factor of 7 and c?
7
Let w(n) = -n + 14. Let m be w(9). Suppose -5*x + 107 = 2*p, -2*p = -m*x - 32 + 135. Calculate the highest common factor of x and 105.
21
Let y(i) = i**2 - 6*i + 8. Let b be y(7). What is the greatest common divisor of b and 3?
3
Suppose 3*h - 5*t - 155 = 0, 0 = -3*t - 0 - 3. Suppose 40 = 2*a - 0*i + 2*i, 5*a - 100 = 2*i. What is the greatest common factor of h and a?
10
Let u be (1 - 2)*-1 + 153. Calculate the highest common factor of 14 and u.
14
Let h be (2/(-4))/((-9)/162). Suppose 4*g - h = g. What is the greatest common divisor of g and 6?
3
Suppose 4*o - 2*o - 3*j = 17, -5*o + j + 23 = 0. Suppose -2*l - o = -4*l. Calculate the greatest common divisor of 2 and l.
2
Suppose 0 = -l - 3*l - 216. Let w = -30 - l. Calculate the highest common factor of w and 16.
8
Let o(t) = 3 - 2*t + t**3 + 4*t**2 + 2 - 1. Let f be o(-4). Suppose 3*b + 4*n - 13 = 65, -4*n - 132 = -4*b. What is the highest common divisor of b and f?
6
Let p be (-930)/(-8) + (-3)/(-4). Suppose -287 = -5*q - p. What is the greatest common divisor of 17 and q?
17
Suppose 0*v = 4*v - 3*f - 18, v + 5*f + 7 = 0. Suppose -v*n = 2*b - 21, -5*n + 4*n - 2*b + 7 = 0. What is the greatest common factor of n and 28?
7
Let k = -15 + 32. Calculate the greatest common factor of k and 34.
17
Suppose -2*u - m = -6*m - 89, 4*u = -2*m + 118. Calculate the greatest common factor of 8 and u.
8
Let y(m) = 2*m**2 - 4*m - 4. Let w be y(3). Let i = w + 5. What is the highest common factor of 14 and i?
7
Suppose 5*i = 74 - 14. What is the highest common divisor of 12 and i?
12
Suppose 15 = -5*v + 65. Let u = 22 + -12. What is the highest common divisor of v and u?
10
Let w(n) = n + 2. Let i be w(5). Suppose i*z = 3*z + 24. Let m = 1 + 5. What is the highest common divisor of z and m?
6
Let k be 14/(-21) + (-767)/(-3). Calculate the highest common factor of 17 and k.
17
Suppose -13 = -5*x - 3*o + 16, 19 = x + 5*o. Let g be (x + 0)/(4/22). Calculate the highest common divisor of g and 11.
11
Let x = 11 - -5. Let v = -10 - -19. Let o = 7 + v. What is the greatest common divisor of x and o?
16
Let t = 17 + -13. Suppose 3*d - 2 = t. Calculate the greatest common factor of d and 22.
2
Let x = 10 + -6. Suppose -35 = x*z - 5*z. What is the highest common factor of 14 and z?
7
Let p(c) = 9*c + 17. Let j be p(3). Calculate the highest common factor of j and 484.
44
Let w be -54*((-7)/2 + 8/4). What is the highest common factor of 9 and w?
9
Suppose -5 = 2*x - 7*x. Let b = 0 + x. Let d(g) = g**3 - 3*g**2 + g - 2. Let n be d(3). What is the greatest common divisor of b and n?
1
Let z(f) = -15*f - 2. Let v be z(2). Let p = v + 88. Let o be p + 1 + (5 - 6). What is the greatest common factor of o and 7?
7
Let y be ((-3)/4)/((-2)/96). Calculate the highest common factor of 48 and y.
12
Let s(k) = k**2 - k + 3. Let r be s(-3). Suppose -3*c + 3 = -3. Suppose -c*g + 5*g - 4*w - 82 = 0, 2*g = w + 58. Calculate the highest common factor of g and r.
15
Let u be ((-2)/6)/(3/(-9)). Let i be 10*(2 - u)/2. What is the greatest common factor of i and 10?
5
Suppose -4*b + 10 = -6. Let o be (-2 + 1)*(35 - 0). Let u = o + 63. What is the greatest common factor of u and b?
4
Let g = 56 + -39. Let m = -67 + 102. Let s be 1*m - (6 + -5). What is the greatest common factor of g and s?
17
Let l(n) = n**2 + n + 1. Let c be l(-1). Suppose -5*w = -2*h - c, h - w = -0 + 1. Suppose 3*s - 200 = -h*s. What is the greatest common factor of s and 10?
10
Let o(l) = -l + 8. Let f be o(4). Suppose 2*n + 3*n = -2*g + 75, -f*g = -20. Calculate the greatest common factor of 143 and n.
13
Suppose -3*r = -2*a - 1, 0 = -6*a + 2*a - r + 33. Let w = -79 - -128. What is the highest common factor of a and w?
7
Let y(z) = -9*z - 13. Let d be y(13). Let c = d - -202. Let x be 1 - -1 - 6*-1. What is the greatest common divisor of x and c?
8
Suppose -254 = -2*d + 84. Let o = 253 - d. Suppose 0*a = -2*a + o. What is the greatest common factor of a and 14?
14
Let v = -8 + 11. Suppose 24 + 57 = v*w. Suppose -a = -6*a + 45. What is the greatest common factor of w and a?
9
Let q be (-28)/(4*(-2)/36). Calculate the greatest common divisor of 28 and q.
14
Suppose 4*v - 323 = k, 2*v + 3*k + 68 - 219 = 0. Let s = -8 - -28. Calculate the greatest common factor of s and v.
20
Let g(q) = 8*q**2 - q - 1. Let d be g(3). Suppose 0 = -n + 3*b + b, -4*n + d = b. Suppose 0*x = -4*x + n. Calculate the highest common divisor of 6 and x.
2
Suppose 1085 = 4*l - a, -4*l + 832 + 223 = 5*a. What is the greatest common divisor of l and 108?
54
Suppose 0 = 4*g - 31 - 17. Calculate the greatest common factor of 12 and g.
12
Suppose 0 = w + 5*x - 14, w + 2 + 0 = 3*x. Let g be (w/(-10))/(1/(-5)). Calculate the highest common divisor of 2 and g.
2
Let r = -224 - -476. Calculate the highest common factor of r and 28.
28
Suppose g = 3*g. Let s be g/(-2 - -1 - 0). Suppose s = 2*n + q - 41, -n - 2*q - q = -33. Calculate the highest common factor of 45 and n.
9
Suppose -7*u + 32 = -3*u. Let x be -3 + (1 - -4) + u. Let b be (1/2)/(5/x). Calculate the highest common divisor of 2 and b.
1
Suppose -2*m + 2 = 0, -3*q + 4 + 6 = -5*m. What is the greatest common divisor of 35 and q?
5
Let t = 244 + -164. Let w be (9/15)/(2/10). Suppose -w*d + 3*s = -33, 15 = -2*s - 3*s. What is the highest common divisor of t and d?
8
Let r be (-16)/(-2) - (4 - 6). Let d(u) = -14*u - 6. Let t be d(-4). Calculate the highest common factor of r and t.
10
Let f = 31 - 16. Let s be 3/((-2)/(40/(-12))). Calculate the highest common factor of s and f.
5
Suppose 0 = -4*g + 221 - 17. Calculate the highest common divisor of 34 and g.
17
Let m be 4/3*(-135)/(-6). Let t = -12 + m. What is the highest common factor of t and 27?
9
Suppose 2*y = -2*y - 3*w + 1428, -3*w + 714 = 2*y. What is the highest common divisor of 17 and y?
17
Suppose 2*j = i + 5*j - 30, 5*i = 5*j + 70. What is the highest common divisor of i and 144?
18
Let n(g) = -g + 1. Let k be n(-3). Suppose 4*o = 3*d - k, 2*d - 3*o = 6*d - 22. Calculate the greatest common divisor of d and 6.
2
Suppose -5*b + 4*t = -160, 7 = 2*b - 4*t - 45. Calculate the highest common factor of b and 216.
36
Let n(m) = -2*m**3 - 4*m**2 - 3*m. Let w be n(-3). Suppose -4*s + 72 = -2*b, -3*b + 90 = s + 4*s. What is the highest common factor of w and s?
9
Suppose -50 = -4*r - 10. Let x = 17 - 12. Calculate the greatest common factor of r and x.
5
Let c be ((-79)/3 + 2/6)/(-1). What is the greatest common factor of 39 and c?
13
Suppose -5*q + 4*w + 344 = 0, 5*q = 3*w - 7*w + 376. Suppose g - 4*r - 14 = 0, -2*g + g + 3*r + 15 = 0. What is the highest common factor of g and q?
18
Suppose 245 = 2*u + 5*b, -362 = -5*u - b + 308. Let a be 6/24 + (-742)/(-8). Suppose -5*x = 18 - a. Calculate the greatest common factor of u and x.
15
Suppose 13*r - 7 = 45. Suppose -2*l + 4*q = -55 - 13, 0 = 4*l + 5*q - 123. Calculate the greatest common factor of r and l.
4
Suppose p = 9 + 13. Let i be 0/(-2) + -1 - 4. Let c(y) = -y**2 - 5*y + 2. Let b be c(i). Calculate the greatest common divisor of p and b.
2
Suppose 11*k - 1821 = -6. What is the highest common divisor of k and 33?
33
Let k(l) = -l - 3. Let h be k(-5). Let x be (-480)/(-18) + h/(-3). Let r = 71 - x. What is the greatest common divisor of r and 18?
9
Let m = -35 - -75. Calculate the highest common divisor of 5 and m.
5
Let g(s) = -s + 8. Let f be g(-14). What is the greatest common divisor of 11 and f?
11
Let r = -3 + 5. Let w(m) = 6*m**2 - 4*m**r - 6 + m**2 + 2*m - m**3 + 2. Let u be w(3). What is the highest common divisor of u and 3?
1
Suppose -5*m + 23 = w, 0 = -0*m + 3*m - 12. Let v = -122 - -146. Calculate the highest common divisor of w and v.
3
Let o be ((-18)/4)/(((-15)/(-6))/(-5)). What is the highest c